*j = j + x*v + 662. What is the units digit of j?
8
Suppose -5*l + 785 - 3324 = 2*p, -l - 5*p - 494 = 0. Let s = 1600 + l. What is the thousands digit of s?
1
Let s = 202 + -379. Let m = 311 + s. Suppose 221 = 5*c - m. What is the tens digit of c?
7
Suppose 0 = -12*c - 7812 + 20052. What is the tens digit of c?
2
Let l(x) = x + 16. Let u be l(18). Suppose -k - 3*q + 13 = -2*k, -2*k = -4*q + u. What is the units digit of -5*(460/k - -4)?
2
Suppose 2*c + d - 2857 = 0, 4291 = 3*c - 12*d + 8*d. What is the tens digit of c?
2
Suppose 69*m + 4*w + 148720 = 74*m, 3*m = 4*w + 89232. What is the ten thousands digit of m?
2
Suppose 0 = -3*j - 3*j - 18. Let v be 306 + j/((-6)/8*-2). Suppose -n - 3 = 0, -2*r = n + 71 - v. What is the tens digit of r?
1
Let j be -1 + 3 + -3 + 74. Suppose j + 37 = 5*w. Suppose 4*l + w = 2*k, -5*k - l + 43 = -1. What is the units digit of k?
9
Suppose -3*t = -p - 32, -8*p + 9*p - 12 = -t. Suppose d - 127 + t = 0. What is the units digit of d?
6
Let q be 17/(2 - 117/59). What is the thousands digit of q - (8 - (5 + 3))?
1
Let m be 4*(-3)/(-6) - -274. Let v = 725 - m. What is the tens digit of v?
4
Let t = 7219 + -1720. What is the hundreds digit of t?
4
Let x = 312 - 1221. Let m = -396 - x. What is the tens digit of m?
1
Let h be 63 + (1 - (2 + -5))/(-2). Suppose h + 45 = x. What is the units digit of x?
6
Suppose -120 + 6 = -2*k. Let v be 1/((-1)/(-2) + 3/(-2)). What is the units digit of v*k*65/(-39)?
5
Suppose -49*s + 3450 = -24*s. Suppose 2*x + s = 4*m, x - 2 = -3*m + 104. What is the tens digit of m?
3
Let g(a) = -a**3 - 4*a**2 + 4*a + 6. Let z be g(-4). Let j(o) = 7 - 9*o + 2 - 33 - 7*o. What is the hundreds digit of j(z)?
1
Suppose -37*i - 18399 + 833 + 111435 = 0. What is the thousands digit of i?
2
Let y be 4/(-14) + 86/7. Let z = 5933 + -5932. Suppose y + z = t. What is the units digit of t?
3
Let u = 32832 + 1039. What is the hundreds digit of u?
8
Let s(k) = -k + 32. Suppose -258 = 21*y + 204. What is the units digit of s(y)?
4
Let u(i) = -4*i + 12. Let w be (-6)/(-4)*(-910)/(-39). Suppose -4*f + f = 9, 5*f + w = -4*y. What is the units digit of u(y)?
2
Suppose 5*n = -3*z + 378704, -75736 = 3381*n - 3382*n - 3*z. What is the tens digit of n?
4
Let t(s) be the second derivative of s**5/20 + 7*s**4/3 + 7*s**3/6 + 30*s**2 - s - 51. What is the units digit of t(-27)?
0
Suppose 25*i = 79*i - 6102. What is the hundreds digit of i?
1
Let t = 2234 + -1075. What is the hundreds digit of t?
1
Let o(t) = -12*t**3 - 2*t**2 - 3*t - 2. Let a be 4/(-32) - 46/16. What is the units digit of o(a)?
3
Suppose 7*s + 22*s = 243797 - 46307. What is the thousands digit of s?
6
Let p be 8 + (-15)/((-15)/(-3)). Suppose 3*h + 432 = p*a, 244 = 3*a + h + h. Suppose 140 = 4*c - 5*y, 0*c - y = 2*c - a. What is the tens digit of c?
4
What is the tens digit of (-8 - (24 - 9))*-421?
8
Suppose -38*f + 53*f = 93105. What is the hundreds digit of f?
2
Suppose p + 12*p - 52 = 0. Suppose -17 = -4*l + d, -l + 2*l - p*d = 8. What is the units digit of l?
4
Let c be (2 - 0)*(3 + 1). Let f(h) = -c + 2*h + 4 - 11 - 12. What is the units digit of f(15)?
3
Let l = 751 + -303. Let k = l + 159. What is the hundreds digit of k?
6
Let i(g) = -28*g. Let o be i(-4). Let t = 128 - o. Suppose -3*x + 416 = -5*d, -4*d = t - 0. What is the tens digit of x?
3
Suppose -34 = -4*p + 62. Let q = -360 - -365. Suppose -16 = -q*i + p. What is the units digit of i?
8
Let p(u) = 2912*u - 101. What is the thousands digit of p(1)?
2
Suppose o - 81 + 13 = 0. Suppose -71*z = -o*z - 489. What is the units digit of z?
3
Let u = -7 + 7. Suppose 5*w + 3*f - 379 = u, -2*w = -w + 2*f - 73. What is the units digit of w?
7
Let d be ((-2)/(-3))/((-2)/24). Let v be d/(-5) + (-10)/(-25). What is the hundreds digit of (203/v - 0) + 72/48?
1
Suppose 0 = 45*v - 48021 - 74694. What is the tens digit of v?
2
Let u = -468 + 670. Suppose -5*b = 3*n - 140, 5*n - 93 = 4*b + u. What is the units digit of (-11)/n + (-2823)/(-15)?
8
Suppose 26*h = -29*h + 452650. What is the tens digit of h?
3
Let b = -30 + -15. Let a(n) = -n**2 - 50*n + 85. What is the hundreds digit of a(b)?
3
Let i(n) be the first derivative of 10*n + 1/2*n**2 - 1/3*n**3 + 17. What is the tens digit of i(0)?
1
Suppose 0 = -3*c + u + 2815 + 3748, 0 = 4*c + u - 8760. What is the tens digit of c?
8
Suppose 5*x = a + x - 1706, -3*a - 2*x = -5062. Suppose -4*m = -9*m + a. Suppose -232 = -5*r + m. What is the units digit of r?
4
Let t(b) = -45*b**2 + 1908*b - 6. What is the thousands digit of t(31)?
5
Suppose -95445 = 1327*p - 1342*p. What is the units digit of p?
3
Let d = -165 - -401. Let i be -8*2*d/(-16). Let j = i - 142. What is the tens digit of j?
9
Let q(d) = -17*d**3 - 47*d**2 + 8*d + 5. Let g(x) = -4*x**3 - 12*x**2 + 2*x + 1. Let w(p) = 9*g(p) - 2*q(p). What is the tens digit of w(-9)?
0
Let x = -552 + 597. Suppose 0 = 2*w - 6, 4*p + 41*w - x*w = 2836. What is the units digit of p?
2
Let t(w) = 14*w - 124. Let q be t(9). What is the tens digit of (3 + -127)*(3/q + -2)?
6
Let x = 43936 - 28570. What is the units digit of x/15 - (-56)/(-40)?
3
Let r = -1217 - -749. Let v = r - -1554. What is the units digit of v?
6
Let s be 13615/7 - 2*-1. Suppose -3*n + v = -2*v - 1170, 5*n - 2*v - s = 0. What is the units digit of n?
9
Let g be (0 + -1)/(-3 + (-40)/(-13)). Let u = g + 13. Suppose 0 = 5*a - i - 647, u = -3*a - 2*a - 3*i + 639. What is the tens digit of a?
2
Suppose -2268 = 8*w + 10*w. Let n = 144 + w. What is the tens digit of n?
1
What is the tens digit of ((-45)/(-135))/((-1)/(-62046))?
8
Let c(u) = -4*u**3 + 8*u**2 - 4*u + 22. Let a(o) = -12*o**3 + 16*o**2 + 43 - o**3 + 6*o**3 - 9*o. Let l(s) = -3*a(s) + 5*c(s). What is the units digit of l(8)?
7
Let t(r) = -r**3 + 16*r**2 - 27*r - 18. Let b be t(14). Let z be 0 + -2*(b + 2). Suppose -y + 296 = 3*y - 4*q, -z*q - 146 = -2*y. What is the units digit of y?
5
Let x(k) = 357*k**2 + 2*k + 1. Let i be x(-1). Let q(t) = 539*t**2 - 19*t - 17. Let y be q(-1). Let f = y - i. What is the tens digit of f?
8
Suppose -4*p + 2*a - 20 = 0, 4*p + a + 14 = -0*a. Let u(z) = z**3 + 6*z**2 + 6*z + 2. Let x be u(p). What is the units digit of 6/((1/(-2))/((-120)/x))?
4
Let a be 1 - 9/(3 - 6). Let f = -42 - a. What is the units digit of (-5)/2*f + -1 + 1?
5
Let q = -310 - 138. Let r = -387 - q. What is the units digit of r?
1
Let x be -881*(36/(-9) + 6). Let b = -1219 - x. What is the units digit of b?
3
Let o(f) = 14*f**2 + 137*f + 4235. What is the thousands digit of o(-40)?
1
Let g(d) = -79*d**3 + 4*d**2 - 48*d - 212. What is the tens digit of g(-4)?
0
Let x(n) be the second derivative of -19*n**3/3 - 165*n**2/2 + 127*n. What is the units digit of x(-25)?
5
Suppose 4*r - 7 = 3*r + 3*n, 2*n + 6 = 0. Let k(p) = -499*p - 3. Let c be k(r). What is the tens digit of c/15 - 3 - 2/6?
6
Suppose 30 = -10*x + 15*x. Suppose 3*w + 1597 = 5*o, -2*o - o + 4*w = -967. Suppose -o = -x*f + 97. What is the units digit of f?
9
Let d(x) = -178*x**3 - 9*x**2 + 2*x + 12. What is the thousands digit of d(-6)?
8
Let n(u) = 46 - 5*u - 11*u**2 + 6*u**2 - 3*u**3 - 39. Suppose 2*i + 4 = -4. What is the units digit of n(i)?
9
Suppose 3*u + 16 = 5*u. Let q(t) = -t**3 + 8*t**2 + 7*t - 14. Let y be q(u). Suppose 2*v = -5*r + 99, v - 2*r - 3*r - y = 0. What is the tens digit of v?
4
Suppose -231*l + 219*l + 217200 = 0. What is the units digit of l?
0
Suppose -2*j + 48481 = 5*x, -48478 = j - 3*j - 4*x. What is the tens digit of j?
3
Suppose -5*t = 3*r + 307, 4*t = -r - 39 - 75. Let y = r + 101. Let q(k) = 4*k**2 + 2*k - 17. What is the units digit of q(y)?
3
Suppose 4*o - k - 74 = 0, k + 38 = -2*o + 4*o. What is the units digit of -1065*(o/(-81) - (-2)/(-18))?
5
Let n(x) = 72*x**3 + x - 1. Suppose 11*r - 6 = 8*r, -13 = -3*q - 5*r. What is the units digit of n(q)?
2
Let q(u) = -u**3 + 10*u**2 - 11*u - 13. Let m be q(9). Let r(p) = 2*p + 16. Let a be r(17). Let h = a + m. What is the tens digit of h?
1
Suppose i + 4*o - 145 = 0, 0*i - 5*o + 624 = 4*i. Let y = i - 145. What is the units digit of y?
6
Let x(h) = -19*h - 51. Suppose -5*p + 4*p = 5*q + 38, -2*p - 4*q = 52. What is the units digit of x(p)?
1
Let u = 385 + -449. Let i = 156 - u. What is the tens digit of i?
2
Let o(y) = 240*y**2 + 27*y + 401. What is the hundreds digit o